{"id":606,"date":"2025-11-03T14:20:50","date_gmt":"2025-11-03T13:20:50","guid":{"rendered":"https:\/\/dev.web-design.wien\/amer\/?page_id=606"},"modified":"2025-11-03T16:20:20","modified_gmt":"2025-11-03T15:20:20","slug":"dr-amer-und-ihr-team","status":"publish","type":"page","link":"https:\/\/dev.web-design.wien\/amer\/dr-amer-und-ihr-team\/","title":{"rendered":"Dr. Amer und ihr Team"},"content":{"rendered":"\t\t<div data-elementor-type=\"wp-page\" data-elementor-id=\"606\" class=\"elementor elementor-606\" data-elementor-post-type=\"page\">\n\t\t\t\t<div class=\"elementor-element elementor-element-33b6100 e-flex e-con-boxed e-con e-parent\" data-id=\"33b6100\" data-element_type=\"container\">\n\t\t\t\t\t<div class=\"e-con-inner\">\n\t\t<div class=\"elementor-element elementor-element-eee6797 e-con-full e-flex e-con e-child\" data-id=\"eee6797\" data-element_type=\"container\">\n\t\t\t\t<div class=\"elementor-element elementor-element-82a26cf elementor-widget elementor-widget-heading\" data-id=\"82a26cf\" data-element_type=\"widget\" data-widget_type=\"heading.default\">\n\t\t\t\t\t<h2 class=\"elementor-heading-title elementor-size-default\">Dr.med.dent<\/h2>\t\t\t\t<\/div>\n\t\t\t\t<div class=\"elementor-element elementor-element-f269c34 elementor-widget elementor-widget-heading\" data-id=\"f269c34\" data-element_type=\"widget\" data-widget_type=\"heading.default\">\n\t\t\t\t\t<h2 class=\"elementor-heading-title elementor-size-default\">Zeinab Amer<\/h2>\t\t\t\t<\/div>\n\t\t\t\t<div class=\"elementor-element elementor-element-bb4803f elementor-widget elementor-widget-text-editor\" data-id=\"bb4803f\" data-element_type=\"widget\" data-widget_type=\"text-editor.default\">\n\t\t\t\t\t\t\t\t\t<p><strong>Sehr geehrte Patientinnen und Patienten!<\/strong><\/p><p>Ich freue mich sehr, Sie in meiner Praxis willkommen zu hei\u00dfen.<\/p><p>Mein <strong>gr\u00f6\u00dftes Anliegen<\/strong> ist es, Ihnen <strong>die Sorge<\/strong> oder <strong>Aufregung vor dem Zahnarztbesuch zu nehmen<\/strong> \u2013 ganz gleich, ob Sie jung oder alt sind. Bei mir steht <strong>Ihr Wohlbefinden<\/strong> an erster Stelle. Mit <strong>Geduld<\/strong>, <strong>Einf\u00fchlungsverm\u00f6gen<\/strong> und <strong>viel Erfahrung<\/strong> m\u00f6chte ich Ihnen ein sicheres und positives Gef\u00fchl geben. Das sch\u00f6nste Lob f\u00fcr mich ist ein erleichtertes und <strong>strahlendes L\u00e4cheln<\/strong> nach der Behandlung.<\/p><p>Als <strong>approbierte Zahn\u00e4rztin<\/strong> mit internationaler Ausbildung und <strong>langj\u00e4hriger Praxiserfahrung<\/strong> in \u00d6sterreich lege ich gr\u00f6\u00dften Wert auf eine sorgf\u00e4ltige, schonende und qualitativ hochwertige Behandlung. Egal, ob f\u00fcr Sie selbst oder Ihr Kind \u2013 bei mir sind Sie in <strong>vertrauensvollen H\u00e4nden<\/strong>. Mein Ziel ist es, dass Sie und Ihre Familie sich jederzeit <strong>gut aufgehoben f\u00fchlen<\/strong> und mit einem gesunden, strahlenden L\u00e4cheln nach Hause gehen.<\/p><p dir=\"auto\"><strong>Ich freue mich sehr darauf, Sie kennenzulernen!<\/strong><\/p>\t\t\t\t\t\t\t\t<\/div>\n\t\t\t\t<div class=\"elementor-element elementor-element-fab1e79 elementor-align-left elementor-widget elementor-widget-button\" data-id=\"fab1e79\" data-element_type=\"widget\" data-widget_type=\"button.default\">\n\t\t\t\t\t\t\t\t\t\t<a class=\"elementor-button elementor-button-link elementor-size-sm\" href=\"https:\/\/dev.web-design.wien\/amer\/wp-content\/uploads\/2025\/11\/zeinab-amer-cv.pdf\" target=\"_blank\">\n\t\t\t\t\t\t<span class=\"elementor-button-content-wrapper\">\n\t\t\t\t\t\t\t\t\t<span class=\"elementor-button-text\">Curriculum Vitae Download<\/span>\n\t\t\t\t\t<\/span>\n\t\t\t\t\t<\/a>\n\t\t\t\t\t\t\t\t<\/div>\n\t\t\t\t<\/div>\n\t\t<div class=\"elementor-element elementor-element-b9a919c e-con-full e-flex e-con e-child\" data-id=\"b9a919c\" data-element_type=\"container\">\n\t\t\t\t<div class=\"elementor-element elementor-element-72733c7 elementor-widget elementor-widget-image\" data-id=\"72733c7\" data-element_type=\"widget\" data-widget_type=\"image.default\">\n\t\t\t\t\t\t\t\t\t\t\t\t\t\t\t<img fetchpriority=\"high\" decoding=\"async\" width=\"800\" height=\"854\" src=\"https:\/\/dev.web-design.wien\/amer\/wp-content\/uploads\/2025\/11\/zeinab-amer-959x1024.jpeg\" class=\"attachment-large size-large wp-image-631\" alt=\"\" srcset=\"https:\/\/dev.web-design.wien\/amer\/wp-content\/uploads\/2025\/11\/zeinab-amer-959x1024.jpeg 959w, https:\/\/dev.web-design.wien\/amer\/wp-content\/uploads\/2025\/11\/zeinab-amer-281x300.jpeg 281w, https:\/\/dev.web-design.wien\/amer\/wp-content\/uploads\/2025\/11\/zeinab-amer-768x820.jpeg 768w, https:\/\/dev.web-design.wien\/amer\/wp-content\/uploads\/2025\/11\/zeinab-amer-1438x1536.jpeg 1438w, https:\/\/dev.web-design.wien\/amer\/wp-content\/uploads\/2025\/11\/zeinab-amer-1918x2048.jpeg 1918w, https:\/\/dev.web-design.wien\/amer\/wp-content\/uploads\/2025\/11\/zeinab-amer.jpeg 2000w\" sizes=\"(max-width: 800px) 100vw, 800px\" \/>\t\t\t\t\t\t\t\t\t\t\t\t\t\t\t<\/div>\n\t\t\t\t<\/div>\n\t\t\t\t\t<\/div>\n\t\t\t\t<\/div>\n\t\t<div class=\"elementor-element elementor-element-1ede180 e-flex e-con-boxed e-con e-parent\" data-id=\"1ede180\" data-element_type=\"container\" data-settings=\"{&quot;background_background&quot;:&quot;classic&quot;}\">\n\t\t\t\t\t<div class=\"e-con-inner\">\n\t\t\t\t<div class=\"elementor-element elementor-element-1e51c22 elementor-widget elementor-widget-heading\" data-id=\"1e51c22\" data-element_type=\"widget\" data-widget_type=\"heading.default\">\n\t\t\t\t\t<h2 class=\"elementor-heading-title elementor-size-default\">Mein Team<\/h2>\t\t\t\t<\/div>\n\t\t\t\t\t<\/div>\n\t\t\t\t<\/div>\n\t\t<div class=\"elementor-element elementor-element-554873c e-grid e-con-boxed e-con e-parent\" data-id=\"554873c\" data-element_type=\"container\" data-settings=\"{&quot;background_background&quot;:&quot;classic&quot;}\">\n\t\t\t\t\t<div class=\"e-con-inner\">\n\t\t<div class=\"elementor-element elementor-element-8b2bfd9 e-con-full e-flex e-con e-child\" data-id=\"8b2bfd9\" data-element_type=\"container\">\n\t\t\t\t<div class=\"elementor-element elementor-element-8a68849 elementor-widget elementor-widget-image\" data-id=\"8a68849\" data-element_type=\"widget\" data-widget_type=\"image.default\">\n\t\t\t\t\t\t\t\t\t\t\t\t\t\t\t<img decoding=\"async\" width=\"705\" height=\"705\" src=\"https:\/\/dev.web-design.wien\/amer\/wp-content\/uploads\/2025\/09\/amer_logo_icon_main.png\" class=\"attachment-large size-large wp-image-569\" alt=\"\" srcset=\"https:\/\/dev.web-design.wien\/amer\/wp-content\/uploads\/2025\/09\/amer_logo_icon_main.png 705w, https:\/\/dev.web-design.wien\/amer\/wp-content\/uploads\/2025\/09\/amer_logo_icon_main-300x300.png 300w, https:\/\/dev.web-design.wien\/amer\/wp-content\/uploads\/2025\/09\/amer_logo_icon_main-150x150.png 150w\" sizes=\"(max-width: 705px) 100vw, 705px\" \/>\t\t\t\t\t\t\t\t\t\t\t\t\t\t\t<\/div>\n\t\t\t\t<div class=\"elementor-element elementor-element-da92647 elementor-widget elementor-widget-heading\" data-id=\"da92647\" data-element_type=\"widget\" data-widget_type=\"heading.default\">\n\t\t\t\t\t<h2 class=\"elementor-heading-title elementor-size-default\">Birsen (Anna)<\/h2>\t\t\t\t<\/div>\n\t\t\t\t<div class=\"elementor-element elementor-element-6d04116 elementor-widget elementor-widget-heading\" data-id=\"6d04116\" data-element_type=\"widget\" data-widget_type=\"heading.default\">\n\t\t\t\t\t<h2 class=\"elementor-heading-title elementor-size-default\">Hauptassistent und Mundhygienikerin<\/h2>\t\t\t\t<\/div>\n\t\t\t\t<\/div>\n\t\t<div class=\"elementor-element elementor-element-4a94bd1 e-con-full e-flex e-con e-child\" data-id=\"4a94bd1\" data-element_type=\"container\">\n\t\t\t\t<div class=\"elementor-element elementor-element-0c5251a elementor-widget elementor-widget-image\" data-id=\"0c5251a\" data-element_type=\"widget\" data-widget_type=\"image.default\">\n\t\t\t\t\t\t\t\t\t\t\t\t\t\t\t<img decoding=\"async\" width=\"705\" height=\"705\" src=\"https:\/\/dev.web-design.wien\/amer\/wp-content\/uploads\/2025\/09\/amer_logo_icon_main.png\" class=\"attachment-large size-large wp-image-569\" alt=\"\" srcset=\"https:\/\/dev.web-design.wien\/amer\/wp-content\/uploads\/2025\/09\/amer_logo_icon_main.png 705w, https:\/\/dev.web-design.wien\/amer\/wp-content\/uploads\/2025\/09\/amer_logo_icon_main-300x300.png 300w, https:\/\/dev.web-design.wien\/amer\/wp-content\/uploads\/2025\/09\/amer_logo_icon_main-150x150.png 150w\" sizes=\"(max-width: 705px) 100vw, 705px\" \/>\t\t\t\t\t\t\t\t\t\t\t\t\t\t\t<\/div>\n\t\t\t\t<div class=\"elementor-element elementor-element-4dea7a9 elementor-widget elementor-widget-heading\" data-id=\"4dea7a9\" data-element_type=\"widget\" data-widget_type=\"heading.default\">\n\t\t\t\t\t<h2 class=\"elementor-heading-title elementor-size-default\">Maha<\/h2>\t\t\t\t<\/div>\n\t\t\t\t<div class=\"elementor-element elementor-element-41b3572 elementor-widget elementor-widget-heading\" data-id=\"41b3572\" data-element_type=\"widget\" data-widget_type=\"heading.default\">\n\t\t\t\t\t<h2 class=\"elementor-heading-title elementor-size-default\">Lehrling<\/h2>\t\t\t\t<\/div>\n\t\t\t\t<\/div>\n\t\t<div class=\"elementor-element elementor-element-a415cf3 e-con-full e-flex e-con e-child\" data-id=\"a415cf3\" data-element_type=\"container\">\n\t\t\t\t<div class=\"elementor-element elementor-element-881882b elementor-widget elementor-widget-image\" data-id=\"881882b\" data-element_type=\"widget\" data-widget_type=\"image.default\">\n\t\t\t\t\t\t\t\t\t\t\t\t\t\t\t<img decoding=\"async\" width=\"705\" height=\"705\" src=\"https:\/\/dev.web-design.wien\/amer\/wp-content\/uploads\/2025\/09\/amer_logo_icon_main.png\" class=\"attachment-large size-large wp-image-569\" alt=\"\" srcset=\"https:\/\/dev.web-design.wien\/amer\/wp-content\/uploads\/2025\/09\/amer_logo_icon_main.png 705w, https:\/\/dev.web-design.wien\/amer\/wp-content\/uploads\/2025\/09\/amer_logo_icon_main-300x300.png 300w, https:\/\/dev.web-design.wien\/amer\/wp-content\/uploads\/2025\/09\/amer_logo_icon_main-150x150.png 150w\" sizes=\"(max-width: 705px) 100vw, 705px\" \/>\t\t\t\t\t\t\t\t\t\t\t\t\t\t\t<\/div>\n\t\t\t\t<div class=\"elementor-element elementor-element-8d44eee elementor-widget elementor-widget-heading\" data-id=\"8d44eee\" data-element_type=\"widget\" data-widget_type=\"heading.default\">\n\t\t\t\t\t<h2 class=\"elementor-heading-title elementor-size-default\">Buket<\/h2>\t\t\t\t<\/div>\n\t\t\t\t<div class=\"elementor-element elementor-element-663ea6c elementor-widget elementor-widget-heading\" data-id=\"663ea6c\" data-element_type=\"widget\" data-widget_type=\"heading.default\">\n\t\t\t\t\t<h2 class=\"elementor-heading-title elementor-size-default\">Lehrling<\/h2>\t\t\t\t<\/div>\n\t\t\t\t<\/div>\n\t\t\t\t\t<\/div>\n\t\t\t\t<\/div>\n\t\t\t\t<\/div>\n\t\t","protected":false},"excerpt":{"rendered":"<p>Dr.med.dent Zeinab Amer Sehr geehrte Patientinnen und Patienten! Ich freue mich sehr, Sie in meiner Praxis willkommen zu hei\u00dfen. Mein gr\u00f6\u00dftes Anliegen ist es, Ihnen die Sorge oder Aufregung vor dem Zahnarztbesuch zu nehmen \u2013 ganz gleich, ob Sie jung oder alt sind. Bei mir steht Ihr Wohlbefinden an erster Stelle. Mit Geduld, Einf\u00fchlungsverm\u00f6gen und [&hellip;]<\/p>\n","protected":false},"author":1,"featured_media":0,"parent":0,"menu_order":0,"comment_status":"closed","ping_status":"closed","template":"","meta":{"footnotes":""},"class_list":["post-606","page","type-page","status-publish","hentry"],"_links":{"self":[{"href":"https:\/\/dev.web-design.wien\/amer\/wp-json\/wp\/v2\/pages\/606","targetHints":{"allow":["GET"]}}],"collection":[{"href":"https:\/\/dev.web-design.wien\/amer\/wp-json\/wp\/v2\/pages"}],"about":[{"href":"https:\/\/dev.web-design.wien\/amer\/wp-json\/wp\/v2\/types\/page"}],"author":[{"embeddable":true,"href":"https:\/\/dev.web-design.wien\/amer\/wp-json\/wp\/v2\/users\/1"}],"replies":[{"embeddable":true,"href":"https:\/\/dev.web-design.wien\/amer\/wp-json\/wp\/v2\/comments?post=606"}],"version-history":[{"count":22,"href":"https:\/\/dev.web-design.wien\/amer\/wp-json\/wp\/v2\/pages\/606\/revisions"}],"predecessor-version":[{"id":665,"href":"https:\/\/dev.web-design.wien\/amer\/wp-json\/wp\/v2\/pages\/606\/revisions\/665"}],"wp:attachment":[{"href":"https:\/\/dev.web-design.wien\/amer\/wp-json\/wp\/v2\/media?parent=606"}],"curies":[{"name":"wp","href":"https:\/\/api.w.org\/{rel}","templated":true}]}}