{"id":1728,"date":"2026-02-12T13:13:40","date_gmt":"2026-02-12T12:13:40","guid":{"rendered":"https:\/\/dev.web-design.wien\/fotokurse\/?page_id=1728"},"modified":"2026-02-12T13:18:30","modified_gmt":"2026-02-12T12:18:30","slug":"anmeldung-zum-newsletter","status":"publish","type":"page","link":"https:\/\/dev.web-design.wien\/fotokurse\/anmeldung-zum-newsletter\/","title":{"rendered":"Anmeldung zum Newsletter"},"content":{"rendered":"\t\t<div data-elementor-type=\"wp-page\" data-elementor-id=\"1728\" class=\"elementor elementor-1728\" data-elementor-post-type=\"page\">\n\t\t\t\t<div class=\"elementor-element elementor-element-77836e34 e-flex e-con-boxed e-con e-parent\" data-id=\"77836e34\" data-element_type=\"container\" data-e-type=\"container\">\n\t\t\t\t\t<div class=\"e-con-inner\">\n\t\t\t\t<div class=\"elementor-element elementor-element-7ffce73e elementor-widget elementor-widget-heading\" data-id=\"7ffce73e\" data-element_type=\"widget\" data-e-type=\"widget\" data-widget_type=\"heading.default\">\n\t\t\t\t\t<h2 class=\"elementor-heading-title elementor-size-default\">Anmeldung zum Newsletter<\/h2>\t\t\t\t<\/div>\n\t\t\t\t\t<\/div>\n\t\t\t\t<\/div>\n\t\t<div class=\"elementor-element elementor-element-4dbe6266 e-flex e-con-boxed e-con e-parent\" data-id=\"4dbe6266\" data-element_type=\"container\" data-e-type=\"container\">\n\t\t\t\t\t<div class=\"e-con-inner\">\n\t\t<div class=\"elementor-element elementor-element-15cb88d4 e-con-full e-flex e-con e-child\" data-id=\"15cb88d4\" data-element_type=\"container\" data-e-type=\"container\">\n\t\t\t\t<div class=\"elementor-element elementor-element-561b6cb elementor-widget elementor-widget-formidable\" data-id=\"561b6cb\" data-element_type=\"widget\" data-e-type=\"widget\" data-widget_type=\"formidable.default\">\n\t\t\t\t<div class=\"elementor-widget-container\">\n\t\t\t\t\t<div class=\"frm_forms  with_frm_style frm_style_formidable-stil\" id=\"frm_form_4_container\" data-token=\"ab7c0566bdcb04dfc6834a6f0796bafc\">\n<form enctype=\"multipart\/form-data\" method=\"post\" class=\"frm-show-form  frm_pro_form \" id=\"form_53lxe\" data-token=\"ab7c0566bdcb04dfc6834a6f0796bafc\">\n<div class=\"frm_form_fields \">\n<fieldset>\n<legend class=\"frm_screen_reader\">Anmeldung zum Newsletter<\/legend>\r\n\r\n<div class=\"frm_fields_container\">\n<input type=\"hidden\" name=\"frm_action\" value=\"create\" \/>\n<input type=\"hidden\" name=\"form_id\" value=\"4\" \/>\n<input type=\"hidden\" name=\"frm_hide_fields_4\" id=\"frm_hide_fields_4\" value=\"\" \/>\n<input type=\"hidden\" name=\"form_key\" value=\"53lxe\" \/>\n<input type=\"hidden\" name=\"item_meta[0]\" value=\"\" \/>\n<input type=\"hidden\" id=\"frm_submit_entry_4\" name=\"frm_submit_entry_4\" value=\"339722d07e\" \/><input type=\"hidden\" name=\"_wp_http_referer\" value=\"\/fotokurse\/wp-json\/wp\/v2\/pages\/1728\" \/><div id=\"frm_field_65_container\" class=\"frm_form_field form-field  frm_required_field frm_top_container\">\r\n\t<label for=\"field_82cne\" id=\"field_82cne_label\" class=\"frm_primary_label\">Bitte Kurs ausw\u00e4hlen\r\n\t\t<span class=\"frm_required\" aria-hidden=\"true\">*<\/span>\r\n\t<\/label>\r\n\t\t\t<select name=\"item_meta[65]\" id=\"field_82cne\"  data-reqmsg=\"Bitte Kurs ausw\u00e4hlen kann nicht leer sein.\" aria-required=\"true\" data-invmsg=\"Bitte Kurs ausw\u00e4hlen ist ung\u00fcltig\" aria-invalid=\"false\"  >\n\t\t<option  value=\"Grundlagen der digitalen Fotografie\">Grundlagen der digitalen Fotografie<\/option><option  value=\"Bildbearbeitung mit Adobe Lightroom\">Bildbearbeitung mit Adobe Lightroom<\/option><option  value=\"Beide Kurse\">Beide Kurse<\/option>\t<\/select>\n\t\r\n\t\r\n\t\r\n<\/div>\n<div id=\"frm_field_60_container\" class=\"frm_form_field form-field  frm_required_field frm_top_container\">\r\n\t<label for=\"field_m56172\" id=\"field_m56172_label\" class=\"frm_primary_label\">Dein Vor- und Nachname\r\n\t\t<span class=\"frm_required\" aria-hidden=\"true\">*<\/span>\r\n\t<\/label>\r\n\t<input  type=\"text\" id=\"field_m56172\" name=\"item_meta[60]\" value=\"\"  data-reqmsg=\"Dein Vor- und Nachname kann nicht leer sein.\" aria-required=\"true\" data-invmsg=\"Dein Vor- und Nachname ist ung\u00fcltig\" aria-invalid=\"false\"   \/>\r\n\t\r\n\t\r\n<\/div>\n<div id=\"frm_field_61_container\" class=\"frm_form_field form-field  frm_required_field frm_top_container\">\r\n\t<label for=\"field_jammw2\" id=\"field_jammw2_label\" class=\"frm_primary_label\">Deine E-Mailadresse\r\n\t\t<span class=\"frm_required\" aria-hidden=\"true\">*<\/span>\r\n\t<\/label>\r\n\t<input type=\"email\" id=\"field_jammw2\" name=\"item_meta[61]\" value=\"\"  autocomplete=\"email\"  data-reqmsg=\"Deine E-Mailadresse kann nicht leer sein.\" aria-required=\"true\" data-invmsg=\"Deine E-Mailadresse ist ung\u00fcltig\" aria-invalid=\"false\"  \/>\r\n\t\r\n\t\r\n<\/div>\n<div id=\"frm_field_72_container\" class=\"frm_form_field form-field  frm_top_container\">\n\t<label for=\"field_p9rf2\" id=\"field_p9rf2_label\" class=\"frm_primary_label\">Wie hast du Fotokurse Tirol gefunden?\n\t\t<span class=\"frm_required\" aria-hidden=\"true\"><\/span>\n\t<\/label>\n\t\t\t<select name=\"item_meta[72]\" id=\"field_p9rf2\"  data-frmval=\"Keine Angabe\" data-invmsg=\"Wie hast du Fotokurse Tirol gefunden? ist ung\u00fcltig\" aria-invalid=\"false\"  >\n\t\t<option  value=\"Keine Angabe\" selected='selected'>Keine Angabe<\/option><option  value=\"Google\">Google<\/option><option  value=\"Sonstige Suchmaschine\">Sonstige Suchmaschine<\/option><option  value=\"Empfehlung (Freunde\/Bekannte)\">Empfehlung (Freunde\/Bekannte)<\/option><option  value=\"Social Media\">Social Media<\/option><option  value=\"Werbebrosch\u00fcre\">Werbebrosch\u00fcre<\/option><option  value=\"Pers\u00f6nlicher Kontakt mit der Kursleiterin\">Pers\u00f6nlicher Kontakt mit der Kursleiterin<\/option><option  value=\"Ich habe bereits den Grundlagenkurs besucht.\">Ich habe bereits den Grundlagenkurs besucht.<\/option>\t<\/select>\n\t\n\t\n\t\n<\/div>\n<div id=\"frm_field_63_container\" class=\"frm_form_field form-field  frm_required_field frm_top_container vertical_radio\">\r\n\t<div  id=\"field_w8eiz2_label\" class=\"frm_primary_label\"><a href=\"https:\/\/dev.web-design.wien\/fotokurse\/dsgvo\/\" target=\"_blank\">Datenschutz<\/a>\r\n\t\t<span class=\"frm_required\" aria-hidden=\"true\">*<\/span>\r\n\t<\/div>\r\n\t<div class=\"frm_opt_container\" aria-labelledby=\"field_w8eiz2_label\" role=\"group\">\t\t<div class=\"frm_checkbox\" id=\"frm_checkbox_63-0\">\t\t\t<label  for=\"field_w8eiz2-0\">\n\t\t\t<input type=\"checkbox\" name=\"item_meta[63][]\" id=\"field_w8eiz2-0\" value=\"Ich habe die Datenschutzerkl\u00e4rung gelesen und stimme dieser zu\"  data-reqmsg=\"&lt;a href=&quot;https:\/\/dev.web-design.wien\/fotokurse\/dsgvo\/&quot; target=&quot;_blank&quot;&gt;Datenschutz&lt;\/a&gt; kann nicht leer sein.\" data-invmsg=\"&lt;a href=&quot;https:\/\/dev.web-design.wien\/fotokurse\/dsgvo\/&quot; target=&quot;_blank&quot;&gt;Datenschutz&lt;\/a&gt; ist ung\u00fcltig\"   aria-required=\"true\"  \/> Ich habe die Datenschutzerkl\u00e4rung gelesen und stimme dieser zu<\/label><\/div>\n<\/div>\r\n\t\r\n\t\r\n<\/div>\n<div id=\"frm_field_64_container\" class=\"frm_form_field form-field  frm_first\">\r\n\t<div class=\"frm_submit frm_flex\">\r\n<button class=\"frm_button_submit frm_final_submit\" type=\"submit\"   formnovalidate=\"formnovalidate\">Senden<\/button>\r\n\r\n\r\n\r\n<\/div>\r\n<\/div>\n<div id=\"frm_field_70_container\" class=\"frm_form_field  frm_first frm_html_container form-field\">Sie k\u00f6nnen Ihre Einwilligung jederzeit widerrufen, indem Sie auf den Abmeldelink klicken, der sich in der Fu\u00dfzeile jeder E-Mail befindet, oder indem Sie mich unter meiner Email-Adresse kontaktieren. Ihre Daten werden ausschlie\u00dflich f\u00fcr den Versand meines Newsletters verwendet und mit Sorgfalt sowie entsprechend den geltenden Datenschutzbestimmungen (DSGVO) verarbeitet.<\/p>\n<p>Weitere Informationen zur Verarbeitung Ihrer personenbezogenen Daten sowie zu Ihren Rechten finden Sie in meiner Datenschutzerkl\u00e4rung auf meiner Website. Mit dem Absenden des Formulars erkl\u00e4ren Sie sich damit einverstanden, dass ich Ihre angegebenen Daten zum Zweck des Newsletter-Versands verarbeite.<\/p>\n<p>Ich verwende Mailchimp (The Rocket Science Group LLC) als Plattform f\u00fcr meinen Newsletter-Versand. Die von Ihnen eingegebenen Daten werden an Mailchimp \u00fcbertragen und dort gespeichert. Mailchimp verarbeitet Daten auch in den USA. Die Daten\u00fcbermittlung erfolgt auf Grundlage geeigneter Garantien gem\u00e4\u00df Art. 46 DSGVO. Weitere Informationen finden Sie in der Datenschutzerkl\u00e4rung von Mailchimp unter: https:\/\/mailchimp.com\/legal\/privacy\/<\/p><\/div>\n\t<input type=\"hidden\" name=\"item_key\" value=\"\" \/>\n\t\t\t<div id=\"frm_field_75_container\">\n\t\t\t<label for=\"field_o1tvh\" >\n\t\t\t\tFalls Du menschlich bist, lasse dieses Feld leer.\t\t\t<\/label>\n\t\t\t<input  id=\"field_o1tvh\" type=\"text\" class=\"frm_form_field form-field frm_verify\" name=\"item_meta[75]\" value=\"\"  \/>\n\t\t<\/div>\n\t\t<input name=\"frm_state\" type=\"hidden\" value=\"ePJrWj9pNdHI80d7v0UF0nNa+06JiOowIyAsnALM+ut5o3CFq0WThm+nhODNnUNl\" \/><\/div>\n<\/fieldset>\n<\/div>\n\n<\/form>\n<\/div>\n\t\t\t\t<\/div>\n\t\t\t\t<\/div>\n\t\t\t\t<\/div>\n\t\t\t\t\t<\/div>\n\t\t\t\t<\/div>\n\t\t\t\t<\/div>\n\t\t","protected":false},"excerpt":{"rendered":"<p>Anmeldung zum Newsletter Anmeldung zum Newsletter Bitte Kurs ausw\u00e4hlen Bildbearbeitung mit Adobe LightroomGrundlagen der digitalen FotografieBeide Kurse Bitte Kurs ausw\u00e4hlen Dein Vor- und Nachname * Deine E-Mailadresse * Datenschutz * Ich habe die Datenschutzerkl\u00e4rung gelesen und stimme dieser zu Sie k\u00f6nnen Ihre Einwilligung jederzeit widerrufen, indem Sie auf den Abmeldelink klicken, der sich in der [&hellip;]<\/p>\n","protected":false},"author":3,"featured_media":0,"parent":0,"menu_order":0,"comment_status":"closed","ping_status":"closed","template":"","meta":{"footnotes":""},"class_list":["post-1728","page","type-page","status-publish","hentry"],"_links":{"self":[{"href":"https:\/\/dev.web-design.wien\/fotokurse\/wp-json\/wp\/v2\/pages\/1728","targetHints":{"allow":["GET"]}}],"collection":[{"href":"https:\/\/dev.web-design.wien\/fotokurse\/wp-json\/wp\/v2\/pages"}],"about":[{"href":"https:\/\/dev.web-design.wien\/fotokurse\/wp-json\/wp\/v2\/types\/page"}],"author":[{"embeddable":true,"href":"https:\/\/dev.web-design.wien\/fotokurse\/wp-json\/wp\/v2\/users\/3"}],"replies":[{"embeddable":true,"href":"https:\/\/dev.web-design.wien\/fotokurse\/wp-json\/wp\/v2\/comments?post=1728"}],"version-history":[{"count":4,"href":"https:\/\/dev.web-design.wien\/fotokurse\/wp-json\/wp\/v2\/pages\/1728\/revisions"}],"predecessor-version":[{"id":1733,"href":"https:\/\/dev.web-design.wien\/fotokurse\/wp-json\/wp\/v2\/pages\/1728\/revisions\/1733"}],"wp:attachment":[{"href":"https:\/\/dev.web-design.wien\/fotokurse\/wp-json\/wp\/v2\/media?parent=1728"}],"curies":[{"name":"wp","href":"https:\/\/api.w.org\/{rel}","templated":true}]}}