{"id":24,"date":"2026-01-15T13:59:16","date_gmt":"2026-01-15T12:59:16","guid":{"rendered":"https:\/\/dev.web-design.wien\/fotokurse\/?page_id=24"},"modified":"2026-02-18T10:01:13","modified_gmt":"2026-02-18T09:01:13","slug":"ueber-fotokurse-tirol","status":"publish","type":"page","link":"https:\/\/dev.web-design.wien\/fotokurse\/warum-fotokurse-tirol\/ueber-fotokurse-tirol\/","title":{"rendered":"\u00dcber Fotokurse Tirol"},"content":{"rendered":"\t\t<div data-elementor-type=\"wp-page\" data-elementor-id=\"24\" class=\"elementor elementor-24\" data-elementor-post-type=\"page\">\n\t\t\t\t<div class=\"elementor-element elementor-element-d487bce e-flex e-con-boxed e-con e-parent\" data-id=\"d487bce\" data-element_type=\"container\" data-e-type=\"container\" data-settings=\"{&quot;background_background&quot;:&quot;classic&quot;}\">\n\t\t\t\t\t<div class=\"e-con-inner\">\n\t\t\t\t\t<\/div>\n\t\t\t\t<\/div>\n\t\t<div class=\"elementor-element elementor-element-cecd68d e-flex e-con-boxed e-con e-parent\" data-id=\"cecd68d\" data-element_type=\"container\" data-e-type=\"container\" data-settings=\"{&quot;background_background&quot;:&quot;slideshow&quot;,&quot;background_slideshow_gallery&quot;:[],&quot;background_slideshow_loop&quot;:&quot;yes&quot;,&quot;background_slideshow_slide_duration&quot;:5000,&quot;background_slideshow_slide_transition&quot;:&quot;fade&quot;,&quot;background_slideshow_transition_duration&quot;:500}\">\n\t\t\t\t\t<div class=\"e-con-inner\">\n\t\t<div class=\"elementor-element elementor-element-14ce511 e-con-full e-flex e-con e-child\" data-id=\"14ce511\" data-element_type=\"container\" data-e-type=\"container\" data-settings=\"{&quot;background_background&quot;:&quot;classic&quot;}\">\n\t\t\t\t<div class=\"elementor-element elementor-element-0d1fa87 elementor-widget elementor-widget-heading\" data-id=\"0d1fa87\" data-element_type=\"widget\" data-e-type=\"widget\" data-widget_type=\"heading.default\">\n\t\t\t\t\t<h2 class=\"elementor-heading-title elementor-size-default\">Fotografin Christina Gaio<\/h2>\t\t\t\t<\/div>\n\t\t\t\t<div class=\"elementor-element elementor-element-57f80e9 elementor-widget elementor-widget-heading\" data-id=\"57f80e9\" data-element_type=\"widget\" data-e-type=\"widget\" data-widget_type=\"heading.default\">\n\t\t\t\t\t<h2 class=\"elementor-heading-title elementor-size-default\">\u00dcber die Kursleiterin und Gr\u00fcnderin<\/h2>\t\t\t\t<\/div>\n\t\t\t\t<div class=\"elementor-element elementor-element-4b55322 elementor-widget-divider--view-line elementor-widget elementor-widget-divider\" data-id=\"4b55322\" data-element_type=\"widget\" data-e-type=\"widget\" data-widget_type=\"divider.default\">\n\t\t\t\t\t\t\t<div class=\"elementor-divider\">\n\t\t\t<span class=\"elementor-divider-separator\">\n\t\t\t\t\t\t<\/span>\n\t\t<\/div>\n\t\t\t\t\t\t<\/div>\n\t\t\t\t<\/div>\n\t\t<div class=\"elementor-element elementor-element-357edf0 e-con-full e-flex e-con e-child\" data-id=\"357edf0\" data-element_type=\"container\" data-e-type=\"container\" data-settings=\"{&quot;background_background&quot;:&quot;slideshow&quot;,&quot;background_slideshow_gallery&quot;:[],&quot;background_slideshow_loop&quot;:&quot;yes&quot;,&quot;background_slideshow_slide_duration&quot;:5000,&quot;background_slideshow_slide_transition&quot;:&quot;fade&quot;,&quot;background_slideshow_transition_duration&quot;:500}\">\n\t\t\t\t<div class=\"elementor-element elementor-element-7ab5d8ad elementor-widget elementor-widget-text-editor\" data-id=\"7ab5d8ad\" data-element_type=\"widget\" data-e-type=\"widget\" data-widget_type=\"text-editor.default\">\n\t\t\t\t\t\t\t\t\t<p class=\"p1\"><span class=\"s1\">Schon in jungen Jahren begeisterte mich die Fotografie \u2013 die Kamera war von Anfang an meine st\u00e4ndige Begleiterin. Nach meinem Wirtschaftsstudium und mehreren Jahren Berufserfahrung absolvierte ich berufsbegleitend eine <b>zweij\u00e4hrige Ausbildung in angewandter und k\u00fcnstlerischer Fotografie<\/b>. Zus\u00e4tzlich legte ich die <b>Meisterpr\u00fcfung<\/b> ab und wagte 2011 den Schritt in die Selbstst\u00e4ndigkeit als Fotografin. Seitdem betreibe ich ein <b>eigenes Fotostudio<\/b> in der sch\u00f6nen Rhombergfabrik in Absam bei Innsbruck.<\/span><\/p>\n<p class=\"p1\"><span class=\"s1\">Als leidenschaftliche Fotografin gebe ich seit 2010 mein Wissen und meine Erfahrung mit viel Enthusiasmus weiter. In meinen Kursen lege ich gro\u00dfen Wert auf eine <b>pers\u00f6nliche und intensive Betreuung<\/b>, sodass keine Fragen offenbleiben. Durch das Arbeiten in Kleingruppen kann ich gezielt auf die individuellen Herausforderungen und Bed\u00fcrfnisse der Teilnehmenden eingehen.<\/span><\/p>\t\t\t\t\t\t\t\t<\/div>\n\t\t<div class=\"elementor-element elementor-element-76b4e61 e-con-full e-flex e-con e-child\" data-id=\"76b4e61\" data-element_type=\"container\" data-e-type=\"container\">\n\t\t\t\t<div class=\"elementor-element elementor-element-0282980 elementor-widget elementor-widget-gallery\" data-id=\"0282980\" data-element_type=\"widget\" data-e-type=\"widget\" data-settings=\"{&quot;gallery_layout&quot;:&quot;masonry&quot;,&quot;columns&quot;:2,&quot;lazyload&quot;:&quot;yes&quot;,&quot;columns_tablet&quot;:2,&quot;columns_mobile&quot;:1,&quot;gap&quot;:{&quot;unit&quot;:&quot;px&quot;,&quot;size&quot;:10,&quot;sizes&quot;:[]},&quot;gap_tablet&quot;:{&quot;unit&quot;:&quot;px&quot;,&quot;size&quot;:10,&quot;sizes&quot;:[]},&quot;gap_mobile&quot;:{&quot;unit&quot;:&quot;px&quot;,&quot;size&quot;:10,&quot;sizes&quot;:[]},&quot;link_to&quot;:&quot;file&quot;,&quot;overlay_background&quot;:&quot;yes&quot;,&quot;content_hover_animation&quot;:&quot;fade-in&quot;}\" data-widget_type=\"gallery.default\">\n\t\t\t\t\t\t\t<div class=\"elementor-gallery__container\">\n\t\t\t\t\t\t\t<a class=\"e-gallery-item elementor-gallery-item elementor-animated-content\" href=\"https:\/\/dev.web-design.wien\/fotokurse\/wp-content\/uploads\/2026\/01\/fotokurs-fotoworkshop-tirol-17.-Juli-2018_MG_4702-Bearbeitet.jpg\" data-elementor-open-lightbox=\"yes\" data-elementor-lightbox-slideshow=\"0282980\" data-e-action-hash=\"#elementor-action%3Aaction%3Dlightbox%26settings%3DeyJpZCI6MzUwLCJ1cmwiOiJodHRwczpcL1wvZGV2LndlYi1kZXNpZ24ud2llblwvZm90b2t1cnNlXC93cC1jb250ZW50XC91cGxvYWRzXC8yMDI2XC8wMVwvZm90b2t1cnMtZm90b3dvcmtzaG9wLXRpcm9sLTE3Li1KdWxpLTIwMThfTUdfNDcwMi1CZWFyYmVpdGV0LmpwZyIsInNsaWRlc2hvdyI6IjAyODI5ODAifQ%3D%3D\">\n\t\t\t\t\t<div class=\"e-gallery-image elementor-gallery-item__image\" data-thumbnail=\"https:\/\/dev.web-design.wien\/fotokurse\/wp-content\/uploads\/2026\/01\/fotokurs-fotoworkshop-tirol-17.-Juli-2018_MG_4702-Bearbeitet.jpg\" data-width=\"1920\" data-height=\"1281\" aria-label=\"fotokurs-fotoworkshop-tirol-17. Juli 2018\" role=\"img\" ><\/div>\n\t\t\t\t\t\t\t\t\t\t\t<div class=\"elementor-gallery-item__overlay\"><\/div>\n\t\t\t\t\t\t\t\t\t\t\t\t\t\t<\/a>\n\t\t\t\t\t\t\t<a class=\"e-gallery-item elementor-gallery-item elementor-animated-content\" href=\"https:\/\/dev.web-design.wien\/fotokurse\/wp-content\/uploads\/2026\/01\/fotokurs-fotoworkshop-tirol-29.-Mai-2022_L8A7104.jpg\" data-elementor-open-lightbox=\"yes\" data-elementor-lightbox-slideshow=\"0282980\" data-e-action-hash=\"#elementor-action%3Aaction%3Dlightbox%26settings%3DeyJpZCI6MzQ4LCJ1cmwiOiJodHRwczpcL1wvZGV2LndlYi1kZXNpZ24ud2llblwvZm90b2t1cnNlXC93cC1jb250ZW50XC91cGxvYWRzXC8yMDI2XC8wMVwvZm90b2t1cnMtZm90b3dvcmtzaG9wLXRpcm9sLTI5Li1NYWktMjAyMl9MOEE3MTA0LmpwZyIsInNsaWRlc2hvdyI6IjAyODI5ODAifQ%3D%3D\">\n\t\t\t\t\t<div class=\"e-gallery-image elementor-gallery-item__image\" data-thumbnail=\"https:\/\/dev.web-design.wien\/fotokurse\/wp-content\/uploads\/2026\/01\/fotokurs-fotoworkshop-tirol-29.-Mai-2022_L8A7104.jpg\" data-width=\"1920\" data-height=\"1280\" aria-label=\"fotokurs-fotoworkshop-tirol\" role=\"img\" ><\/div>\n\t\t\t\t\t\t\t\t\t\t\t<div class=\"elementor-gallery-item__overlay\"><\/div>\n\t\t\t\t\t\t\t\t\t\t\t\t\t\t<\/a>\n\t\t\t\t\t<\/div>\n\t\t\t\t\t<\/div>\n\t\t\t\t<\/div>\n\t\t\t\t<div class=\"elementor-element elementor-element-39e74154 elementor-widget elementor-widget-heading\" data-id=\"39e74154\" data-element_type=\"widget\" data-e-type=\"widget\" data-widget_type=\"heading.default\">\n\t\t\t\t\t<h2 class=\"elementor-heading-title elementor-size-default\">Meine Ausbildungen<\/h2>\t\t\t\t<\/div>\n\t\t\t\t<div class=\"elementor-element elementor-element-832ed2b elementor-widget elementor-widget-text-editor\" data-id=\"832ed2b\" data-element_type=\"widget\" data-e-type=\"widget\" data-widget_type=\"text-editor.default\">\n\t\t\t\t\t\t\t\t\t<ul><li><span class=\"s2\">Studium der internationalen Wirtschaftswissenschaften, Innsbruck mit Auslandsjahr in Kanada<\/span><\/li><li><span class=\"s2\">2007 \u2013 2009 Fachliche und k\u00fcnstlerische Ausbildung an der Prager Fotoschule \u00d6sterreich, O\u00d6<\/span><\/li><li><span class=\"s2\">2010 erfolgreich abgelegte Meisterpr\u00fcfung Fotograf, Tirol<\/span><\/li><li><span class=\"s3\">Workshop bei der Firma Broncolor zum Thema People &amp; Beauty Fotografie mit Urs Recher, Schweiz<\/span><\/li><\/ul>\t\t\t\t\t\t\t\t<\/div>\n\t\t\t\t<div class=\"elementor-element elementor-element-5a30403a elementor-widget elementor-widget-heading\" data-id=\"5a30403a\" data-element_type=\"widget\" data-e-type=\"widget\" data-widget_type=\"heading.default\">\n\t\t\t\t\t<h2 class=\"elementor-heading-title elementor-size-default\">Mein beruflicher Werdegang<\/h2>\t\t\t\t<\/div>\n\t\t\t\t<div class=\"elementor-element elementor-element-736a80e6 elementor-widget elementor-widget-text-editor\" data-id=\"736a80e6\" data-element_type=\"widget\" data-e-type=\"widget\" data-widget_type=\"text-editor.default\">\n\t\t\t\t\t\t\t\t\t<ul><li><span class=\"s1\">Mehrj\u00e4hrige Arbeitserfahrungen in internationalen Unternehmen<\/span><\/li><li><span class=\"s1\">Jeweils 1-j\u00e4hrige Auslandsaufenthalte zum Arbeiten und Studieren in Frankreich und Kanada<\/span><\/li><li><span class=\"s3\">seit 2011 als selbst\u00e4ndige Fotografin mit eigenem Fotostudio t\u00e4tig<\/span><\/li><\/ul>\t\t\t\t\t\t\t\t<\/div>\n\t\t\t\t<div class=\"elementor-element elementor-element-7ec00d1f elementor-widget elementor-widget-heading\" data-id=\"7ec00d1f\" data-element_type=\"widget\" data-e-type=\"widget\" data-widget_type=\"heading.default\">\n\t\t\t\t\t<h2 class=\"elementor-heading-title elementor-size-default\">Fotografische Lehrt\u00e4tigkeiten<\/h2>\t\t\t\t<\/div>\n\t\t\t\t<div class=\"elementor-element elementor-element-56880822 elementor-widget elementor-widget-text-editor\" data-id=\"56880822\" data-element_type=\"widget\" data-e-type=\"widget\" data-widget_type=\"text-editor.default\">\n\t\t\t\t\t\t\t\t\t<ul><li><span class=\"s1\">2010 bis 2014 Lehrbeauftragte der Prager Fotoschule \u00d6sterreich f\u00fcr Tirol<\/span><\/li><li><span class=\"s1\">2012 bis 2014 Lehrbeauftragte der Prager Fotoschule \u00d6sterreich f\u00fcr Salzburg<\/span><\/li><li><span class=\"s1\">seit 2014 Organisation &amp; Durchf\u00fchrung von Fotokursen unter der eigenen Marke Fotokurse Tirol<\/span><\/li><li><span class=\"s3\">2018 Lehrbeauftragte f\u00fcr den WIFI Lehrgang \u201eWedding Planner\u201c, Modul Hochzeitsfotografie<\/span><\/li><\/ul>\t\t\t\t\t\t\t\t<\/div>\n\t\t\t\t<div class=\"elementor-element elementor-element-36e221e1 elementor-widget elementor-widget-heading\" data-id=\"36e221e1\" data-element_type=\"widget\" data-e-type=\"widget\" data-widget_type=\"heading.default\">\n\t\t\t\t\t<h2 class=\"elementor-heading-title elementor-size-default\">Ausstellungen und Projekte\n<\/h2>\t\t\t\t<\/div>\n\t\t\t\t<div class=\"elementor-element elementor-element-b097a5b elementor-widget elementor-widget-text-editor\" data-id=\"b097a5b\" data-element_type=\"widget\" data-e-type=\"widget\" data-widget_type=\"text-editor.default\">\n\t\t\t\t\t\t\t\t\t<ul><li><span class=\"s2\">Sommer 2010 \u201eChulha\u201c Foto- und Sozialprojekt in Laos<\/span><\/li><li><span class=\"s2\">Dezember 2010 Ausstellung der Bilder \u201eFaces of Nong Oln\u201c in Nong Oln, Nord-Laos<\/span><\/li><li><span class=\"s2\">2011 und 2012 Ausstellung \u00fcber das Sozialprojekt in Laos an der Universit\u00e4t in Gent, Belgien<\/span><\/li><li><span class=\"s3\">2019, 2021 und 2023 Teilnahme an der Ausstellung Menschenbilder Tirol<\/span><\/li><\/ul>\t\t\t\t\t\t\t\t<\/div>\n\t\t<div class=\"elementor-element elementor-element-726b1a2 e-con-full e-flex e-con e-child\" data-id=\"726b1a2\" data-element_type=\"container\" data-e-type=\"container\">\n\t\t<div class=\"elementor-element elementor-element-6577e0d7 e-con-full e-flex e-con e-child\" data-id=\"6577e0d7\" data-element_type=\"container\" data-e-type=\"container\" data-settings=\"{&quot;background_background&quot;:&quot;classic&quot;}\">\n\t\t<div class=\"elementor-element elementor-element-7d2fbebe e-con-full e-flex e-con e-child\" data-id=\"7d2fbebe\" data-element_type=\"container\" data-e-type=\"container\">\n\t\t\t\t<div class=\"elementor-element elementor-element-7a4e8305 elementor-view-default elementor-mobile-position-block-start elementor-widget elementor-widget-icon-box\" data-id=\"7a4e8305\" data-element_type=\"widget\" data-e-type=\"widget\" data-widget_type=\"icon-box.default\">\n\t\t\t\t\t\t\t<div class=\"elementor-icon-box-wrapper\">\n\n\t\t\t\t\t\t<div class=\"elementor-icon-box-icon\">\n\t\t\t\t<a href=\"https:\/\/www.christina-gaio.at\/\" class=\"elementor-icon\" tabindex=\"-1\">\n\t\t\t\t<svg aria-hidden=\"true\" class=\"e-font-icon-svg e-fas-camera-retro\" viewBox=\"0 0 512 512\" xmlns=\"http:\/\/www.w3.org\/2000\/svg\"><path d=\"M48 32C21.5 32 0 53.5 0 80v352c0 26.5 21.5 48 48 48h416c26.5 0 48-21.5 48-48V80c0-26.5-21.5-48-48-48H48zm0 32h106c3.3 0 6 2.7 6 6v20c0 3.3-2.7 6-6 6H38c-3.3 0-6-2.7-6-6V80c0-8.8 7.2-16 16-16zm426 96H38c-3.3 0-6-2.7-6-6v-36c0-3.3 2.7-6 6-6h138l30.2-45.3c1.1-1.7 3-2.7 5-2.7H464c8.8 0 16 7.2 16 16v74c0 3.3-2.7 6-6 6zM256 424c-66.2 0-120-53.8-120-120s53.8-120 120-120 120 53.8 120 120-53.8 120-120 120zm0-208c-48.5 0-88 39.5-88 88s39.5 88 88 88 88-39.5 88-88-39.5-88-88-88zm-48 104c-8.8 0-16-7.2-16-16 0-35.3 28.7-64 64-64 8.8 0 16 7.2 16 16s-7.2 16-16 16c-17.6 0-32 14.4-32 32 0 8.8-7.2 16-16 16z\"><\/path><\/svg>\t\t\t\t<\/a>\n\t\t\t<\/div>\n\t\t\t\n\t\t\t\n\t\t<\/div>\n\t\t\t\t\t\t<\/div>\n\t\t\t\t<\/div>\n\t\t<div class=\"elementor-element elementor-element-144016ad e-con-full e-flex e-con e-child\" data-id=\"144016ad\" data-element_type=\"container\" data-e-type=\"container\">\n\t\t\t\t<div class=\"elementor-element elementor-element-5eea51de elementor-widget elementor-widget-heading\" data-id=\"5eea51de\" data-element_type=\"widget\" data-e-type=\"widget\" data-widget_type=\"heading.default\">\n\t\t\t\t\t<h2 class=\"elementor-heading-title elementor-size-default\">Arbeiten zu sehen unter:<\/h2>\t\t\t\t<\/div>\n\t\t\t\t<div class=\"elementor-element elementor-element-85580ef elementor-widget elementor-widget-text-editor\" data-id=\"85580ef\" data-element_type=\"widget\" data-e-type=\"widget\" data-widget_type=\"text-editor.default\">\n\t\t\t\t\t\t\t\t\t<ul><li><a href=\"https:\/\/www.christina-gaio.at\/\" target=\"_blank\" rel=\"noopener\">Christina Gaio Photography<\/a><\/li><li><a href=\"https:\/\/www.aschenputtel.cc\/\" target=\"_blank\" rel=\"noopener\">Aschenputtel &#8211; M\u00e4rchenhafte Hochzeitsfotos\u00a0<\/a><\/li><\/ul>\t\t\t\t\t\t\t\t<\/div>\n\t\t\t\t<\/div>\n\t\t\t\t<\/div>\n\t\t\t\t<\/div>\n\t\t\t\t<\/div>\n\t\t\t\t\t<\/div>\n\t\t\t\t<\/div>\n\t\t<div class=\"elementor-element elementor-element-44f13e6 e-flex e-con-boxed e-con e-parent\" data-id=\"44f13e6\" data-element_type=\"container\" data-e-type=\"container\">\n\t\t\t\t\t<div class=\"e-con-inner\">\n\t\t<div class=\"elementor-element elementor-element-1dc057d e-con-full e-flex e-con e-child\" data-id=\"1dc057d\" data-element_type=\"container\" data-e-type=\"container\">\n\t\t\t\t<div class=\"elementor-element elementor-element-eb2f0ab elementor-cta--skin-classic elementor-animated-content elementor-bg-transform elementor-bg-transform-zoom-in elementor-widget elementor-widget-call-to-action\" data-id=\"eb2f0ab\" data-element_type=\"widget\" data-e-type=\"widget\" data-widget_type=\"call-to-action.default\">\n\t\t\t\t\t\t\t<div class=\"elementor-cta\">\n\t\t\t\t\t<div class=\"elementor-cta__bg-wrapper\">\n\t\t\t\t<div class=\"elementor-cta__bg elementor-bg\" style=\"background-image: url(https:\/\/dev.web-design.wien\/fotokurse\/wp-content\/uploads\/2026\/01\/Fotokurse-Tirol-Home-Banner-01-1024x207.jpg);\" role=\"img\" aria-label=\"Fotokurse-Tirol-Home-Banner-01\"><\/div>\n\t\t\t\t<div class=\"elementor-cta__bg-overlay\"><\/div>\n\t\t\t<\/div>\n\t\t\t\t\t\t\t<div class=\"elementor-cta__content\">\n\t\t\t\t\n\t\t\t\t\t\t\t\t\t<h2 class=\"elementor-cta__title elementor-cta__content-item elementor-content-item\">\n\t\t\t\t\t\tBringe dein Fotowissen auf das n\u00e4chste Level! \t\t\t\t\t<\/h2>\n\t\t\t\t\n\t\t\t\t\n\t\t\t\t\t\t\t\t\t<div class=\"elementor-cta__button-wrapper elementor-cta__content-item elementor-content-item \">\n\t\t\t\t\t<a class=\"elementor-cta__button elementor-button elementor-size-\" href=\"https:\/\/dev.web-design.wien\/fotokurse\/anmeldung-und-gutscheine\/\">\n\t\t\t\t\t\tJetzt anmelden\t\t\t\t\t<\/a>\n\t\t\t\t\t<\/div>\n\t\t\t\t\t\t\t<\/div>\n\t\t\t\t\t\t<\/div>\n\t\t\t\t\t\t<\/div>\n\t\t\t\t<\/div>\n\t\t\t\t\t<\/div>\n\t\t\t\t<\/div>\n\t\t\t\t<\/div>\n\t\t","protected":false},"excerpt":{"rendered":"<p>Fotografin Christina Gaio \u00dcber die Kursleiterin und Gr\u00fcnderin Schon in jungen Jahren begeisterte mich die Fotografie \u2013 die Kamera war von Anfang an meine st\u00e4ndige Begleiterin. Nach meinem Wirtschaftsstudium und mehreren Jahren Berufserfahrung absolvierte ich berufsbegleitend eine zweij\u00e4hrige Ausbildung in angewandter und k\u00fcnstlerischer Fotografie. Zus\u00e4tzlich legte ich die Meisterpr\u00fcfung ab und wagte 2011 den Schritt [&hellip;]<\/p>\n","protected":false},"author":1,"featured_media":0,"parent":385,"menu_order":0,"comment_status":"closed","ping_status":"closed","template":"","meta":{"footnotes":""},"class_list":["post-24","page","type-page","status-publish","hentry"],"_links":{"self":[{"href":"https:\/\/dev.web-design.wien\/fotokurse\/wp-json\/wp\/v2\/pages\/24","targetHints":{"allow":["GET"]}}],"collection":[{"href":"https:\/\/dev.web-design.wien\/fotokurse\/wp-json\/wp\/v2\/pages"}],"about":[{"href":"https:\/\/dev.web-design.wien\/fotokurse\/wp-json\/wp\/v2\/types\/page"}],"author":[{"embeddable":true,"href":"https:\/\/dev.web-design.wien\/fotokurse\/wp-json\/wp\/v2\/users\/1"}],"replies":[{"embeddable":true,"href":"https:\/\/dev.web-design.wien\/fotokurse\/wp-json\/wp\/v2\/comments?post=24"}],"version-history":[{"count":274,"href":"https:\/\/dev.web-design.wien\/fotokurse\/wp-json\/wp\/v2\/pages\/24\/revisions"}],"predecessor-version":[{"id":2554,"href":"https:\/\/dev.web-design.wien\/fotokurse\/wp-json\/wp\/v2\/pages\/24\/revisions\/2554"}],"up":[{"embeddable":true,"href":"https:\/\/dev.web-design.wien\/fotokurse\/wp-json\/wp\/v2\/pages\/385"}],"wp:attachment":[{"href":"https:\/\/dev.web-design.wien\/fotokurse\/wp-json\/wp\/v2\/media?parent=24"}],"curies":[{"name":"wp","href":"https:\/\/api.w.org\/{rel}","templated":true}]}}